-20
In base 15, what is 0 - -b3?
b3
In base 7, what is -1661 - -26?
-1632
In base 9, what is 614 + -1?
613
In base 8, what is -362 + -1?
-363
In base 2, what is -1001110010111110 - 100?
-1001110011000010
In base 6, what is 240025 + 1?
240030
In base 2, what is -101100 + -11000?
-1000100
In base 15, what is -5 - -330?
32a
In base 6, what is -243 - -203?
-40
In base 3, what is -211 - 111222?
-112210
In base 2, what is 11001100 - 101?
11000111
In base 10, what is -416 + 5?
-411
In base 11, what is 1 + 71?
72
In base 4, what is -10103 + -1?
-10110
In base 15, what is 499 + -a?
48e
In base 5, what is -223 - -101?
-122
In base 15, what is 32 - -10?
42
In base 8, what is -4 - 372?
-376
In base 2, what is -100100110 + 10?
-100100100
In base 11, what is -9 - -384?
376
In base 5, what is 4 + -33034?
-33030
In base 7, what is -1 + 205?
204
In base 3, what is 11 - 212201?
-212120
In base 7, what is 6 + -2031?
-2022
In base 4, what is -1 - 103?
-110
In base 3, what is -10 - -2010?
2000
In base 7, what is 4 - 60?
-53
In base 9, what is 28 + -32?
-3
In base 4, what is -2 - 211?
-213
In base 12, what is -1 + 38?
37
In base 13, what is -229 + -1?
-22a
In base 4, what is -2100 - 103?
-2203
In base 15, what is 1741 + -6?
173a
In base 15, what is 7b - 0?
7b
In base 15, what is 2 + -96e?
-96c
In base 9, what is 63 - 5?
57
In base 11, what is -28 + 10?
-18
In base 16, what is 0 - 20?
-20
In base 11, what is 25 + 5?
2a
In base 10, what is -5 + 5?
0
In base 13, what is 2 - a7?
-a5
In base 8, what is 2 + -200?
-176
In base 10, what is 104 + 6?
110
In base 13, what is 9 + 18?
24
In base 10, what is 0 - 59?
-59
In base 2, what is -11 + 1011000011?
1011000000
In base 6, what is 335 - -14?
353
In base 14, what is 0 - -38a?
38a
In base 8, what is -11 + 2?
-7
In base 10, what is -100 - 4?
-104
In base 8, what is 24 - -13?
37
In base 4, what is -31 + 10?
-21
In base 6, what is 3 + 13132?
13135
In base 6, what is 30 - 5?
21
In base 14, what is -3 - -471?
46c
In base 5, what is -10 - -112?
102
In base 4, what is 20102 - 3?
20033
In base 4, what is 1 + -1220?
-1213
In base 5, what is 2 + 1134?
1141
In base 15, what is -216e + 2?
-216c
In base 2, what is 101 - -111001111101?
111010000010
In base 3, what is 10 - 1110?
-1100
In base 4, what is -3 - 230313?
-230322
In base 10, what is 184 + -6?
178
In base 9, what is 34 + -138?
-104
In base 7, what is 26 - -34?
63
In base 12, what is 8 + 5a?
66
In base 13, what is 79 + -6?
73
In base 8, what is 0 + 27?
27
In base 7, what is 1401 + -3?
1365
In base 12, what is 4 - -85?
89
In base 5, what is 334 - 10?
324
In base 5, what is 14 - 430?
-411
In base 9, what is 8 - -14?
23
In base 14, what is -5 + 43a?
435
In base 13, what is -90 + -14?
-a4
In base 16, what is 5 - -163?
168
In base 15, what is -2 - -74?
72
In base 16, what is -19 + -47?
-60
In base 9, what is 16841 + -3?
16837
In base 5, what is -3 + 103?
100
In base 5, what is 4423 + -13?
4410
In base 10, what is 0 + -2755?
-2755
In base 15, what is -8 + -3e?
-47
In base 2, what is 101 - 100011001?
-100010100
In base 12, what is -1 - -46?
45
In base 10, what is 0 + -141?
-141
In base 4, what is -1033233 + 3?
-1033230
In base 9, what is -15312 + 3?
-15308
In base 10, what is 8 - 21?
-13
In base 9, what is 552 - -1?
553
In base 7, what is -60 + 2?
-55
In base 7, what is -2543 - -2?
-2541
In base 7, what is -310 + 2?
-305
In base 9, what is -7 + 14?
6
In base 16, what is 2 + -d5?
-d3
In base 2, what is 1011111110 + -10011?
1011101011
In base 15, what is -18 - -1ab?
193
In base 13, what is 4 - 24?
-20
In base 15, what is 16 + -3?
13
In base 6, what is 125445 - -3?
125452
In base 10, what is -4 + 68?
64
In base 4, what is -2212 + 1?
-2211
In base 8, what is 12543 - 5?
12536
In base 7, what is -415 + -13?
-431
In base 14, what is 0 - 1bb?
-1bb
In base 7, what is -1 + -4?
-5
In base 11, what is 3a35 - -4?
3a39
In base 6, what is 0 - -45?
45
In base 2, what is -10 + -1110011?
-1110101
In base 12, what is -346 + 6?
-340
In base 6, what is -3 + -23?
-30
In base 2, what is -100 - -111011?
110111
In base 7, what is -20 - -62?
42
In base 8, what is 1446 - -3?
1451
In base 13, what is -5 - -b4?
ac
In base 2, what is 1001 + 110011?
111100
In base 4, what is 22 + -22321?
-22233
In base 3, what is 121021 + -110?
120211
In base 10, what is -3 + 52?
49
In base 4, what is -31 + 2212?
2121
In base 8, what is 5500 + 3?
5503
In base 13, what is -16a + 3?
-167
In base 9, what is -53 - 256?
-320
In base 7, what is -5 - -1366?
1361
In base 10, what is 14 + 5?
19
In base 2, what is -100011100010100 + -1?
-100011100010101
In base 6, what is 15 + -35?
-20
In base 10, what is -8 + -28?
-36
In base 12, what is 282 - 5?
279
In base 4, what is 1300 + -2?
1232
In base 12, what is 3 - -15?
18
In base 13, what is -20b + -29?
-237
In base 3, what is 202 + -10012?
-2110
In base 12, what is 4 + 3149?
3151
In base 13, what is ac - -7?
b6
In base 6, what is 3 - 103?
-100
In base 13, what is 6 - -2c?
35
In base 2, what is -100 + -1010101?
-1011001
In base 14, what is -b - 0?
-b
In base 12, what is 7 - -a?
15
In base 11, what is -8 - 50?
-58
In base 13, what is -c2 - 1?
-c3
In base 12, what is -51 - 6?
-57
In base 12, what is 756 - 5?
751
In base 15, what is 525 - -1?
526
In base 10, what is 26 + 4?
30
In base 9, what is -6 + -45?
-52
In base 14, what is 3 - -d?
12
In base 9, what is -1 + -4?
-5
In base 4, what is -100023 + -113?
-100202
In base 6, what is -52 + -22?
-114
In base 6, what is 151 - -13?
204
In base 3, what is 121200 + 11?
121211
In base 4, what is -12 + -1030123?
-1030201
In base 14, what is 16 - a?
a
In base 4, what is -33110 - 101?
-33211
In base 3, what is 200 - 222022?
-221122
In base 14, what is 6 - -1d2?
1d8
In base 4, what is 2 - 11210?
-11202
In base 11, what is 22 + 38?
5a
In base 8, what is 1 - 1012?
-1011
In base 5, what is 110 - -13?
123
In base 6, what is 102355 - -3?
102402
In base 13, what is -1c - -7?
-15
In base 10, what is -862 - 5?
-867
In base 14, what is -14 - -37?
23
In base 15, what is 71 + 1?
72
In base 5, what is -12021 - 2?
-12023
In base 5, what is -1 + -142?
-143
In base 14, what is 2 - -19?
1b
In base 2, what is 1000001 + -1110111?
-110110
In base 13, what is 7 + -b5?
-ab
In base 8, what is -4 + 16?
12
In base 10, what is -5 + -154?
-159
In base 7, what is -1014 + 2?
-1012
In base 5, what is 2 + -21243?
-21241
In base 5, what is 11 + 4004?
4020
In base 12, what is -5 + a2?
99
In base 3, what is 1 - 201?
-200
In base 11, what is -3a4 - -7?
-398
In base 10, what is -29 - 32?
-61
In base 3, what is -112 - 10122?
-11011
In base 13, what is -4 - 281?
-285
In base 6, what is 1 + -31?
-30
In base 5, what is 1443 + -2?
1441
In base 2, what is -10000 - 1111?
-11111
In base 16, what is -1 + 2?
1
In base 10, what is 3 - -112?
115
In base 2, what is -1000 - -11?
-101
In base 8, what is -3 + 164?
161
In base 12, what is 792 + -5?
789
In base 11, what is 3 + 820?
823
In base 14, what is -6 + -18?
-20
In base 5, what is 411 - -20?
431
In base 15, what is 862 + -c?
855
In base 12, what is 4 - 125?
-121
In base 11, what is -132 - 8?
-13a
In base 10, what is -2 + -116?
-118
In base 2, what is -1101 - 11100?
-101001
In base 6, what is -1 - -2234?
2233
In base 12, what is 73 + -1?
72
In base 5, what is 4 + 321?
330
In base 12, what is 3 - -20?
23
In base 11, what is 65 - 8?
58
In base 9, what is 5 + 72?
77
In base 13, what is 36 + 4c?
85
In base 3, what is -2000 - -211?
-1012
In base 14, what is -b5 + -1?
-b6
In base 16, what is -2 - -d2?
d0
In base 11, what is -594 + -1?
-595
In base 15, what is dca + 3?
dcd
In base 16, what is c5d - 2?
c5b
In base 7, what is 4642 - -4?
4646
In base 5, what is 200 + -20?
130
In base 10, what is 14328 - -5?
14333
In base 2, what is 101110 + 11000001?
11101111
In base 13, what is -4 - -65?
61
In base 9, what is 3 - -340?
343
In base 12, what is 102 + -1?
101
In base 6, what is -3 - 214?
-221
In base 2, what is 100 - 111011?
-110111
In base 3, what is 10 + -22012?
-22002
In base 16, what is -1a3 - 5?
-1a8
In base 2, what is -10 + -1111?
-10001
In base 14, what is 32 + 40?
72
In base 3, what is -100 + -1220?
-2020
In base 13, what is -23 - 1b2?
-205
In base 12, what is 54 + 2?
56
In base 11, what is -2 + -5322?
-5324
In base 8, what is -1701 - -4?
-1675
In base 14, what